{"id":909,"date":"2018-07-09T19:14:02","date_gmt":"2018-07-09T19:14:02","guid":{"rendered":"https:\/\/samurai.com.br\/?page_id=909"},"modified":"2021-07-15T20:40:11","modified_gmt":"2021-07-15T23:40:11","slug":"cases","status":"publish","type":"page","link":"https:\/\/www.samurai.com.br\/?page_id=909","title":{"rendered":"Cases"},"content":{"rendered":"<p>[et_pb_section fb_built=&#8221;1&#8243; fullwidth=&#8221;on&#8221; _builder_version=&#8221;3.10.2&#8243;][et_pb_fullwidth_slider show_image_video_mobile=&#8221;on&#8221; _builder_version=&#8221;3.10.2&#8243; header_font=&#8221;|600|||||||&#8221; header_font_size=&#8221;40px&#8221; header_letter_spacing=&#8221;10px&#8221; header_line_height=&#8221;3em&#8221;][et_pb_slide heading=&#8221;CASES&#8221; use_bg_overlay=&#8221;off&#8221; use_text_overlay=&#8221;off&#8221; _builder_version=&#8221;3.10.2&#8243; header_font=&#8221;||||||||&#8221; header_font_size_phone=&#8221;25px&#8221; header_font_size_last_edited=&#8221;on|phone&#8221; header_letter_spacing_phone=&#8221;5px&#8221; header_letter_spacing_last_edited=&#8221;on|phone&#8221; body_font=&#8221;|300|||||||&#8221; body_font_size=&#8221;28px&#8221; body_font_size_tablet=&#8221;28px&#8221; body_font_size_phone=&#8221;20px&#8221; body_font_size_last_edited=&#8221;on|phone&#8221; background_image=&#8221;https:\/\/samurai.com.br\/wp-content\/uploads\/2018\/09\/reuniao.jpg&#8221; button_on_hover=&#8221;on&#8221; custom_padding=&#8221;80px|||&#8221; custom_padding_tablet=&#8221;80px|||&#8221; custom_padding_phone=&#8221;50px||120px|&#8221; custom_padding_last_edited=&#8221;on|desktop&#8221;]<\/p>\n<p>Uma hist\u00f3ria de inova\u00e7\u00e3o e transforma\u00e7\u00e3o digital,<\/p>\n<p>com solu\u00e7\u00f5es pr\u00f3prias e de parceiros da Samurai.<\/p>\n<p>[\/et_pb_slide][\/et_pb_fullwidth_slider][\/et_pb_section][et_pb_section fb_built=&#8221;1&#8243; disabled_on=&#8221;off|off|off&#8221; _builder_version=&#8221;3.10.2&#8243; background_color=&#8221;#f4f4f4&#8243; custom_padding=&#8221;80px|0px|80px|0px|true|false&#8221;][et_pb_row custom_padding=&#8221;0|0px|0|0px|false|false&#8221; disabled_on=&#8221;off|off|off&#8221; _builder_version=&#8221;3.10.2&#8243;][et_pb_column type=&#8221;1_2&#8243; _builder_version=&#8221;3.0.47&#8243; parallax=&#8221;off&#8221; parallax_method=&#8221;on&#8221;][et_pb_video src=&#8221;https:\/\/youtu.be\/egH5miFDtL0&#8243; _builder_version=&#8221;3.10.2&#8243;]&nbsp;<br \/>\n[\/et_pb_video][\/et_pb_column][et_pb_column type=&#8221;1_2&#8243; _builder_version=&#8221;3.0.47&#8243; parallax=&#8221;off&#8221; parallax_method=&#8221;on&#8221;][et_pb_text _builder_version=&#8221;3.7&#8243; text_font=&#8221;||||||||&#8221; text_text_color=&#8221;#8e8e8e&#8221; text_letter_spacing=&#8221;3px&#8221; header_font=&#8221;||||||||&#8221; custom_margin=&#8221;||0px|&#8221; custom_padding=&#8221;|||&#8221; animation_style=&#8221;slide&#8221; animation_direction=&#8221;top&#8221;]<\/p>\n<p>CASE BLITZZ PARA<\/p>\n<p>[\/et_pb_text][et_pb_text _builder_version=&#8221;3.7&#8243; text_font=&#8221;Raleway|800|||||||&#8221; text_letter_spacing=&#8221;3px&#8221; header_font=&#8221;||||||||&#8221; header_2_font=&#8221;|600|||||||&#8221; header_2_text_align=&#8221;left&#8221; header_2_font_size=&#8221;40px&#8221; header_2_font_size_phone=&#8221;37px&#8221; header_2_font_size_last_edited=&#8221;on|phone&#8221; header_2_letter_spacing=&#8221;10px&#8221; text_orientation=&#8221;center&#8221; custom_margin=&#8221;0px|||&#8221; custom_padding=&#8221;0px|||&#8221; animation_style=&#8221;slide&#8221; animation_direction=&#8221;bottom&#8221; animation_delay=&#8221;500ms&#8221; animation_intensity_slide=&#8221;5%&#8221;]<\/p>\n<h2>ROGERS CANADA<\/h2>\n<p>[\/et_pb_text][et_pb_divider divider_style=&#8221;dotted&#8221; divider_weight=&#8221;5px&#8221; _builder_version=&#8221;3.7&#8243; max_width=&#8221;16%&#8221; max_width_phone=&#8221;20%&#8221; max_width_last_edited=&#8221;on|phone&#8221; module_alignment=&#8221;left&#8221; animation_style=&#8221;fade&#8221; animation_delay=&#8221;800ms&#8221;]&nbsp;<br \/>\n[\/et_pb_divider][et_pb_text _builder_version=&#8221;3.7&#8243; text_font=&#8221;||||||||&#8221; text_font_size=&#8221;18px&#8221; text_line_height=&#8221;1.4em&#8221;]<\/p>\n<p>A <a href=\"https:\/\/about.rogers.com\/\">Rogers Communications<\/a> lan\u00e7ou a solu\u00e7\u00e3o <a href=\"https:\/\/www.blitzz.co\/\">Blitzz<\/a>, em 2020, uma ferramenta de assist\u00eancia visual remota, que habilitou a equipe de suporte t\u00e9cnico a realizar a assist\u00eancia virtual imediata e reduzir a necessidade de envio de t\u00e9cnicos de campo para instala\u00e7\u00e3o e chamadas de servi\u00e7o.<\/p>\n<p>[\/et_pb_text][\/et_pb_column][\/et_pb_row][\/et_pb_section][et_pb_section fb_built=&#8221;1&#8243; disabled_on=&#8221;off|off|off&#8221; _builder_version=&#8221;3.10.2&#8243; background_color=&#8221;#f4f4f4&#8243; custom_padding=&#8221;80px|0px|80px|0px|true|false&#8221;][et_pb_row custom_padding=&#8221;0|0px|0|0px|false|false&#8221; _builder_version=&#8221;3.7&#8243;][et_pb_column type=&#8221;1_2&#8243; _builder_version=&#8221;3.0.47&#8243; parallax=&#8221;off&#8221; parallax_method=&#8221;on&#8221;][et_pb_text _builder_version=&#8221;3.7&#8243; text_font=&#8221;||||||||&#8221; text_text_color=&#8221;#8e8e8e&#8221; text_letter_spacing=&#8221;3px&#8221; header_font=&#8221;||||||||&#8221; custom_margin=&#8221;||0px|&#8221; custom_padding=&#8221;|||&#8221; animation_style=&#8221;slide&#8221; animation_direction=&#8221;top&#8221;]CASE LIVE TIM<br \/>\n[\/et_pb_text][et_pb_text _builder_version=&#8221;3.7&#8243; text_font=&#8221;Raleway|800|||||||&#8221; text_letter_spacing=&#8221;3px&#8221; header_font=&#8221;||||||||&#8221; header_2_font=&#8221;|600|||||||&#8221; header_2_text_align=&#8221;left&#8221; header_2_font_size=&#8221;40px&#8221; header_2_font_size_phone=&#8221;37px&#8221; header_2_font_size_last_edited=&#8221;on|phone&#8221; header_2_letter_spacing=&#8221;10px&#8221; text_orientation=&#8221;center&#8221; custom_margin=&#8221;0px|||&#8221; custom_padding=&#8221;0px|||&#8221; animation_style=&#8221;slide&#8221; animation_direction=&#8221;bottom&#8221; animation_delay=&#8221;500ms&#8221; animation_intensity_slide=&#8221;5%&#8221;]<\/p>\n<h2>BLUE BOX<\/h2>\n<p>[\/et_pb_text][et_pb_divider divider_style=&#8221;dotted&#8221; divider_weight=&#8221;5px&#8221; _builder_version=&#8221;3.7&#8243; max_width=&#8221;16%&#8221; max_width_phone=&#8221;20%&#8221; max_width_last_edited=&#8221;on|phone&#8221; module_alignment=&#8221;left&#8221; animation_style=&#8221;fade&#8221; animation_delay=&#8221;800ms&#8221;]&nbsp;<br \/>\n[\/et_pb_divider][et_pb_text _builder_version=&#8221;3.7&#8243; text_font=&#8221;||||||||&#8221; text_font_size=&#8221;18px&#8221; text_line_height=&#8221;1.4em&#8221;]O produto lan\u00e7ado apenas em meados de 2015, \u00e9 um set-top box com sintonizador digital e capacidade de baixar aplicativos. Entre os apps que trazia estavam o Netflix e a Self TV, este \u00faltimo da TV Alphaville, e que permitia aos assinantes Live TIM em S\u00e3o Paulo e Rio de Janeiro assinar canais da operadora de TV. Veja mais em: http:\/\/www.telesintese.com.br\/tim-lanca-plataforma-de-tv-paga-e-streaming\/<br \/>\n[\/et_pb_text][\/et_pb_column][et_pb_column type=&#8221;1_2&#8243; _builder_version=&#8221;3.0.47&#8243; parallax=&#8221;off&#8221; parallax_method=&#8221;on&#8221;][et_pb_video src=&#8221;https:\/\/youtu.be\/r2q3_miMJvg&#8221; _builder_version=&#8221;3.10.2&#8243;]&nbsp;<br \/>\n[\/et_pb_video][\/et_pb_column][\/et_pb_row][\/et_pb_section][et_pb_section fb_built=&#8221;1&#8243; disabled_on=&#8221;off|off|off&#8221; _builder_version=&#8221;3.10.2&#8243; background_color=&#8221;#f4f4f4&#8243; custom_padding=&#8221;80px|0px|80px|0px|true|false&#8221;][et_pb_row custom_padding=&#8221;0|0px|0|0px|false|false&#8221; _builder_version=&#8221;3.7&#8243;][et_pb_column type=&#8221;1_2&#8243; _builder_version=&#8221;3.0.47&#8243; parallax=&#8221;off&#8221; parallax_method=&#8221;on&#8221;][et_pb_video src=&#8221;https:\/\/youtu.be\/8dPayOcS744&#8243; _builder_version=&#8221;3.10.2&#8243;]&nbsp;<br \/>\n[\/et_pb_video][\/et_pb_column][et_pb_column type=&#8221;1_2&#8243; _builder_version=&#8221;3.0.47&#8243; parallax=&#8221;off&#8221; parallax_method=&#8221;on&#8221;][et_pb_text _builder_version=&#8221;3.7&#8243; text_font=&#8221;||||||||&#8221; text_text_color=&#8221;#8e8e8e&#8221; text_letter_spacing=&#8221;3px&#8221; header_font=&#8221;||||||||&#8221; custom_margin=&#8221;||0px|&#8221; custom_padding=&#8221;|||&#8221; animation_style=&#8221;slide&#8221; animation_direction=&#8221;top&#8221;]CASE<br \/>\n[\/et_pb_text][et_pb_text _builder_version=&#8221;3.7&#8243; text_font=&#8221;Raleway|800|||||||&#8221; text_letter_spacing=&#8221;3px&#8221; header_font=&#8221;||||||||&#8221; header_2_font=&#8221;|600|||||||&#8221; header_2_text_align=&#8221;left&#8221; header_2_font_size=&#8221;40px&#8221; header_2_font_size_phone=&#8221;37px&#8221; header_2_font_size_last_edited=&#8221;on|phone&#8221; header_2_letter_spacing=&#8221;10px&#8221; text_orientation=&#8221;center&#8221; custom_margin=&#8221;0px|||&#8221; custom_padding=&#8221;0px|||&#8221; animation_style=&#8221;slide&#8221; animation_direction=&#8221;bottom&#8221; animation_delay=&#8221;500ms&#8221; animation_intensity_slide=&#8221;5%&#8221;]<\/p>\n<h2>URNA ELETR\u00d4NICA BRASILEIRA<\/h2>\n<p>[\/et_pb_text][et_pb_divider divider_style=&#8221;dotted&#8221; divider_weight=&#8221;5px&#8221; _builder_version=&#8221;3.7&#8243; max_width=&#8221;16%&#8221; max_width_phone=&#8221;20%&#8221; max_width_last_edited=&#8221;on|phone&#8221; module_alignment=&#8221;left&#8221; animation_style=&#8221;fade&#8221; animation_delay=&#8221;800ms&#8221;]&nbsp;<br \/>\n[\/et_pb_divider][et_pb_text _builder_version=&#8221;3.7&#8243; text_font=&#8221;||||||||&#8221; text_font_size=&#8221;18px&#8221; text_line_height=&#8221;1.4em&#8221;]<\/p>\n<p>Em 1995, o engenheiro eletr\u00f4nico formado pelo ITA e ex-presidente da Abicomp (Associa\u00e7\u00e3o Brasileira da Ind\u00fastria de Inform\u00e1tica) Carlos Rocha dirigia a empresa Omnitech, que foi contratada pela multinacional Unisys para trabalhar na cria\u00e7\u00e3o e na montagem da primeira vers\u00e3o da urna.<\/p>\n<p>Para projetar, desenvolver e fabricar a urna eletr\u00f4nica para as elei\u00e7\u00f5es de 1996, foi aberta uma licita\u00e7\u00e3o com o Edital TSE 002\/1995, onde concorreram a IBM, que prop\u00f4s um projeto baseado em um notebook, a Procomp, que apresentou uma esp\u00e9cie de quiosque de auto atendimento banc\u00e1rio e a Unisys, a vencedora da licita\u00e7\u00e3o com um design original que se tornou o padr\u00e3o utilizado at\u00e9 hoje.<\/p>\n<p><span style=\"font-size: 18px;\">A urna eletr\u00f4nica brasileira foi, integralmente, concebida, pela equipe de engenheiros da Omnitech, com recursos pr\u00f3prios, e o pedido de patente de inven\u00e7\u00e3o encontra-se em an\u00e1lise, no INPI, at\u00e9 hoje.<\/span><\/p>\n<p>[\/et_pb_text][\/et_pb_column][\/et_pb_row][\/et_pb_section][et_pb_section fb_built=&#8221;1&#8243; _builder_version=&#8221;3.7&#8243; background_color=&#8221;#343437&#8243; background_image=&#8221;https:\/\/samurai.com.br\/wp-content\/uploads\/2018\/06\/Hero-ActStrat.jpg&#8221; background_blend=&#8221;overlay&#8221;][et_pb_row _builder_version=&#8221;3.7&#8243;][et_pb_column type=&#8221;4_4&#8243; _builder_version=&#8221;3.0.47&#8243; parallax=&#8221;off&#8221; parallax_method=&#8221;on&#8221;][et_pb_cta title=&#8221;QUEREMOS CONHECER OS SEUS DESAFIOS&#8221; button_url=&#8221;https:\/\/samurai.com.br\/contato\/&#8221; button_text=&#8221;AGENDAR UMA CONVERSA&#8221; _builder_version=&#8221;3.10.2&#8243; header_font=&#8221;|600||on|||||&#8221; header_font_size=&#8221;35px&#8221; body_font_size=&#8221;16px&#8221; use_background_color=&#8221;off&#8221; custom_button=&#8221;on&#8221; button_text_size=&#8221;27px&#8221; button_border_width=&#8221;3px&#8221; button_border_radius=&#8221;100px&#8221; button_font=&#8221;|600|||||||&#8221; button_icon=&#8221;%%3%%&#8221; button_on_hover=&#8221;off&#8221;]Conte-nos os seus objetivos e teremos um grande prazer em conversar e ajudar voc\u00ea a transformar o seu neg\u00f3cio.<br \/>\n[\/et_pb_cta][\/et_pb_column][\/et_pb_row][\/et_pb_section][et_pb_section fb_built=&#8221;1&#8243; _builder_version=&#8221;3.7&#8243; background_color=&#8221;#a70000&#8243;][et_pb_row custom_padding=&#8221;0|0px|0|0px|false|false&#8221; _builder_version=&#8221;3.7&#8243;][et_pb_column type=&#8221;4_4&#8243; _builder_version=&#8221;3.0.47&#8243; parallax=&#8221;off&#8221; parallax_method=&#8221;on&#8221;][et_pb_social_media_follow _builder_version=&#8221;3.10.2&#8243; border_radii=&#8221;on|0px|0px|0px|0px&#8221; text_orientation=&#8221;center&#8221; background_layout=&#8221;dark&#8221; custom_margin=&#8221;|||&#8221;][et_pb_social_media_follow_network social_network=&#8221;linkedin&#8221; url=&#8221;https:\/\/www.linkedin.com\/company\/samurai-special-projects\/&#8221; _builder_version=&#8221;3.10.2&#8243; background_color=&#8221;#007bb6&#8243; follow_button=&#8221;off&#8221; url_new_window=&#8221;on&#8221;]linkedin[\/et_pb_social_media_follow_network][\/et_pb_social_media_follow][\/et_pb_column][\/et_pb_row][\/et_pb_section]<\/p>\n","protected":false},"excerpt":{"rendered":"<p>[et_pb_section fb_built=&#8221;1&#8243; fullwidth=&#8221;on&#8221; _builder_version=&#8221;3.10.2&#8243;][et_pb_fullwidth_slider show_image_video_mobile=&#8221;on&#8221; _builder_version=&#8221;3.10.2&#8243; header_font=&#8221;|600|||||||&#8221; header_font_size=&#8221;40px&#8221; header_letter_spacing=&#8221;10px&#8221; header_line_height=&#8221;3em&#8221;][et_pb_slide heading=&#8221;CASES&#8221; use_bg_overlay=&#8221;off&#8221; use_text_overlay=&#8221;off&#8221; _builder_version=&#8221;3.10.2&#8243; header_font=&#8221;||||||||&#8221; header_font_size_phone=&#8221;25px&#8221; header_font_size_last_edited=&#8221;on|phone&#8221; header_letter_spacing_phone=&#8221;5px&#8221; header_letter_spacing_last_edited=&#8221;on|phone&#8221; body_font=&#8221;|300|||||||&#8221; body_font_size=&#8221;28px&#8221; body_font_size_tablet=&#8221;28px&#8221; body_font_size_phone=&#8221;20px&#8221; body_font_size_last_edited=&#8221;on|phone&#8221; background_image=&#8221;https:\/\/samurai.com.br\/wp-content\/uploads\/2018\/09\/reuniao.jpg&#8221; button_on_hover=&#8221;on&#8221; custom_padding=&#8221;80px|||&#8221; custom_padding_tablet=&#8221;80px|||&#8221; custom_padding_phone=&#8221;50px||120px|&#8221; custom_padding_last_edited=&#8221;on|desktop&#8221;] Uma hist\u00f3ria de inova\u00e7\u00e3o e transforma\u00e7\u00e3o digital, com solu\u00e7\u00f5es pr\u00f3prias e de parceiros da Samurai. [\/et_pb_slide][\/et_pb_fullwidth_slider][\/et_pb_section][et_pb_section fb_built=&#8221;1&#8243; disabled_on=&#8221;off|off|off&#8221; _builder_version=&#8221;3.10.2&#8243; background_color=&#8221;#f4f4f4&#8243; custom_padding=&#8221;80px|0px|80px|0px|true|false&#8221;][et_pb_row custom_padding=&#8221;0|0px|0|0px|false|false&#8221; disabled_on=&#8221;off|off|off&#8221; _builder_version=&#8221;3.10.2&#8243;][et_pb_column type=&#8221;1_2&#8243; [&hellip;]<\/p>\n","protected":false},"author":6,"featured_media":0,"parent":0,"menu_order":0,"comment_status":"closed","ping_status":"closed","template":"","meta":[],"yoast_head":"<!-- This site is optimized with the Yoast SEO plugin v14.9 - https:\/\/yoast.com\/wordpress\/plugins\/seo\/ -->\n<title>Cases - Samurai Transforma\u00e7\u00e3o Digital<\/title>\n<meta name=\"robots\" content=\"index, follow, max-snippet:-1, max-image-preview:large, max-video-preview:-1\" \/>\n<link rel=\"canonical\" href=\"https:\/\/www.samurai.com.br\/?page_id=909\" \/>\n<meta property=\"og:locale\" content=\"pt_BR\" \/>\n<meta property=\"og:type\" content=\"article\" \/>\n<meta property=\"og:title\" content=\"Cases - Samurai Transforma\u00e7\u00e3o Digital\" \/>\n<meta property=\"og:description\" content=\"[et_pb_section fb_built=&#8221;1&#8243; fullwidth=&#8221;on&#8221; _builder_version=&#8221;3.10.2&#8243;][et_pb_fullwidth_slider show_image_video_mobile=&#8221;on&#8221; _builder_version=&#8221;3.10.2&#8243; header_font=&#8221;|600|||||||&#8221; header_font_size=&#8221;40px&#8221; header_letter_spacing=&#8221;10px&#8221; header_line_height=&#8221;3em&#8221;][et_pb_slide heading=&#8221;CASES&#8221; use_bg_overlay=&#8221;off&#8221; use_text_overlay=&#8221;off&#8221; _builder_version=&#8221;3.10.2&#8243; header_font=&#8221;||||||||&#8221; header_font_size_phone=&#8221;25px&#8221; header_font_size_last_edited=&#8221;on|phone&#8221; header_letter_spacing_phone=&#8221;5px&#8221; header_letter_spacing_last_edited=&#8221;on|phone&#8221; body_font=&#8221;|300|||||||&#8221; body_font_size=&#8221;28px&#8221; body_font_size_tablet=&#8221;28px&#8221; body_font_size_phone=&#8221;20px&#8221; body_font_size_last_edited=&#8221;on|phone&#8221; background_image=&#8221;https:\/\/samurai.com.br\/wp-content\/uploads\/2018\/09\/reuniao.jpg&#8221; button_on_hover=&#8221;on&#8221; custom_padding=&#8221;80px|||&#8221; custom_padding_tablet=&#8221;80px|||&#8221; custom_padding_phone=&#8221;50px||120px|&#8221; custom_padding_last_edited=&#8221;on|desktop&#8221;] Uma hist\u00f3ria de inova\u00e7\u00e3o e transforma\u00e7\u00e3o digital, com solu\u00e7\u00f5es pr\u00f3prias e de parceiros da Samurai. [\/et_pb_slide][\/et_pb_fullwidth_slider][\/et_pb_section][et_pb_section fb_built=&#8221;1&#8243; disabled_on=&#8221;off|off|off&#8221; _builder_version=&#8221;3.10.2&#8243; background_color=&#8221;#f4f4f4&#8243; custom_padding=&#8221;80px|0px|80px|0px|true|false&#8221;][et_pb_row custom_padding=&#8221;0|0px|0|0px|false|false&#8221; disabled_on=&#8221;off|off|off&#8221; _builder_version=&#8221;3.10.2&#8243;][et_pb_column type=&#8221;1_2&#8243; [&hellip;]\" \/>\n<meta property=\"og:url\" content=\"https:\/\/www.samurai.com.br\/?page_id=909\" \/>\n<meta property=\"og:site_name\" content=\"Samurai Transforma\u00e7\u00e3o Digital\" \/>\n<meta property=\"article:modified_time\" content=\"2021-07-15T23:40:11+00:00\" \/>\n<meta name=\"twitter:card\" content=\"summary_large_image\" \/>\n<script type=\"application\/ld+json\" class=\"yoast-schema-graph\">{\"@context\":\"https:\/\/schema.org\",\"@graph\":[{\"@type\":\"WebSite\",\"@id\":\"https:\/\/www.samurai.com.br\/#website\",\"url\":\"https:\/\/www.samurai.com.br\/\",\"name\":\"Samurai Transforma\\u00e7\\u00e3o Digital\",\"description\":\"Servi\\u00e7os de Transforma\\u00e7\\u00e3o Digital\",\"potentialAction\":[{\"@type\":\"SearchAction\",\"target\":\"https:\/\/www.samurai.com.br\/?s={search_term_string}\",\"query-input\":\"required name=search_term_string\"}],\"inLanguage\":\"pt-BR\"},{\"@type\":\"WebPage\",\"@id\":\"https:\/\/www.samurai.com.br\/?page_id=909#webpage\",\"url\":\"https:\/\/www.samurai.com.br\/?page_id=909\",\"name\":\"Cases - Samurai Transforma\\u00e7\\u00e3o Digital\",\"isPartOf\":{\"@id\":\"https:\/\/www.samurai.com.br\/#website\"},\"datePublished\":\"2018-07-09T19:14:02+00:00\",\"dateModified\":\"2021-07-15T23:40:11+00:00\",\"inLanguage\":\"pt-BR\",\"potentialAction\":[{\"@type\":\"ReadAction\",\"target\":[\"https:\/\/www.samurai.com.br\/?page_id=909\"]}]}]}<\/script>\n<!-- \/ Yoast SEO plugin. -->","_links":{"self":[{"href":"https:\/\/www.samurai.com.br\/index.php?rest_route=\/wp\/v2\/pages\/909"}],"collection":[{"href":"https:\/\/www.samurai.com.br\/index.php?rest_route=\/wp\/v2\/pages"}],"about":[{"href":"https:\/\/www.samurai.com.br\/index.php?rest_route=\/wp\/v2\/types\/page"}],"author":[{"embeddable":true,"href":"https:\/\/www.samurai.com.br\/index.php?rest_route=\/wp\/v2\/users\/6"}],"replies":[{"embeddable":true,"href":"https:\/\/www.samurai.com.br\/index.php?rest_route=%2Fwp%2Fv2%2Fcomments&post=909"}],"version-history":[{"count":41,"href":"https:\/\/www.samurai.com.br\/index.php?rest_route=\/wp\/v2\/pages\/909\/revisions"}],"predecessor-version":[{"id":2232,"href":"https:\/\/www.samurai.com.br\/index.php?rest_route=\/wp\/v2\/pages\/909\/revisions\/2232"}],"wp:attachment":[{"href":"https:\/\/www.samurai.com.br\/index.php?rest_route=%2Fwp%2Fv2%2Fmedia&parent=909"}],"curies":[{"name":"wp","href":"https:\/\/api.w.org\/{rel}","templated":true}]}}